 units digit of m?
4
Let y = -22 - -46. Suppose b - 10 = -b - q, b - 5*q + 6 = 0. What is the units digit of (-39)/(-18) - b/y?
2
Let q(u) be the first derivative of 41*u**2/2 - 3*u - 24. What is the units digit of q(1)?
8
Suppose 2*k - k + 15 = 3*v, -3*k + 11 = 5*v. Suppose h = v*m - 9, -m = -6*m - 2*h + 8. Suppose m*p - 29 = 3. What is the units digit of p?
6
Let m(u) = -5*u - 10. Suppose -13 = 2*f - 3. Let y be m(f). What is the units digit of (0 + 56/12)*y?
0
What is the tens digit of (16 + -11 - 224)*26/(-3)?
9
Let m be 198*1*4/(-8). Let s = -36 - m. What is the units digit of s?
3
Suppose -4*u = 2*z - 78, -2*z + 5*u + 92 = 2*u. Suppose 42*f + 152 = z*f. What is the hundreds digit of f?
1
Let d = 23 + -45. Let k be (-3 - 1)*d/(-4). What is the tens digit of 57*1 + k + 23?
5
What is the hundreds digit of -12 + 1803 - (-3 - -4)?
7
Let t(r) = -r**3 + 2*r**2 + r - 2. Let c be t(-2). Let b(g) = 2*g - c*g - 1 - 8*g + 0*g. What is the tens digit of b(-1)?
1
Let z(i) = 7*i**2 + 185*i + 13. What is the hundreds digit of z(-32)?
2
What is the hundreds digit of (-15)/15 - (7 - 1911)?
9
Suppose -4255 = -6*k + 7079. What is the thousands digit of k?
1
Suppose 7186 - 22966 = -20*o. What is the units digit of o?
9
Let b(d) = -d**3 + d**2 + d. Let u be b(-1). Let o = -14 + u. Let z = 19 + o. What is the units digit of z?
6
Suppose -5*y + 640 = -2825. What is the hundreds digit of y?
6
Suppose -6*h = -1897 - 977. What is the hundreds digit of h?
4
Let j be (5/(-19 - 6))/((-2)/20). Suppose j*x - 5*n + n - 30 = 0, 3*x = 3*n + 54. What is the units digit of x?
1
Let r be 25/(-2) - 4/8. Let l(o) = 5*o - 161. Let k be l(37). Let b = r + k. What is the units digit of b?
1
Suppose -2*i - 22*i + 44472 = 0. What is the units digit of i?
3
Let u be (-62)/(-6)*(-26 + 29). Suppose 3*t = -28 - 32. Let m = u + t. What is the tens digit of m?
1
Let w(f) = -18*f + 1. Let k = -10 + 18. Let a = 7 - k. What is the tens digit of w(a)?
1
Suppose 4*t - 2*i - 253 = 357, 139 = t - 5*i. Suppose -2*s + t = -16. What is the tens digit of s?
8
Let r(k) = -k**2 + 4*k - 1. Let a be r(2). Suppose a*s + 3*f + 14 = 89, -s - 3*f + 27 = 0. What is the units digit of (-4)/s*2*-3?
1
Let r = -1 + 3. Suppose 5*x - 88 = -w + r*x, 0 = -4*w - 4*x + 320. What is the tens digit of w?
7
Let u(j) = 142*j + 330. What is the hundreds digit of u(10)?
7
Let y(s) = 23*s + 10. Let l(o) = 47*o + 19. Let b(t) = -4*l(t) + 9*y(t). What is the tens digit of b(3)?
7
Let f(a) = a**2 - 9*a - 10. Let u be f(10). Suppose 109 = 5*g + 3*q, g + 4*q - 3*q - 23 = u. What is the tens digit of g?
2
Let d(x) = x**3 + 12*x**2 - 13*x + 4. Let b be d(-13). What is the units digit of 2/b + (-333)/(-18)?
9
Let d = 40 - 31. Let q = d - 1. What is the units digit of q?
8
Let a = -5 + 10. Suppose u = -4*g + 138, g - 2 - 43 = a*u. Suppose 0 = -j - 2*n + g, -2*j - j = -3*n - 60. What is the tens digit of j?
2
Suppose -t + 444 = 4*r - 5*t, -4*r + 465 = 3*t. What is the hundreds digit of r?
1
Let b(v) = v**3 - 7*v**2 + 7*v - 3. Let z be b(6). Suppose -7 = -2*k + z. Suppose -k*g - 3 = -13. What is the units digit of g?
2
Suppose -3*o + 121 = q - 28, -3*q = -3*o - 483. Let v = -126 + q. What is the tens digit of v?
3
Let o = -36 - -40. Suppose 5*f + 2*v = 129, -o*f + 138 - 46 = -4*v. What is the units digit of f?
5
Suppose 4*z + 36*o - 34*o = 1938, z + o = 487. What is the hundreds digit of z?
4
Suppose 16 = u - 3*i + 4*i, 0 = u - 2*i - 1. Let z(d) = u*d**2 + 6 + d - 5 + 3*d**2. What is the tens digit of z(-1)?
1
Suppose 5*q + 1095 = 5*m, q = -5*m - 0*m + 1089. Suppose -m = 9*r - 1766. What is the tens digit of r?
7
Let p = 1464 - 877. What is the units digit of p?
7
Let s = -3 - -5. Let r = 57 - 51. What is the units digit of (6/s)/r*6?
3
Suppose 39*f - 7735 = 23855. What is the hundreds digit of f?
8
Let x = 755 - -1567. What is the tens digit of x?
2
Suppose 5*s = -5*p + 4*p + 890, 356 = 2*s + p. What is the units digit of s?
8
Suppose 3*g = 4*y - 0*y - 16, -8 = -4*g - 2*y. Suppose 3*v - 2 = -4*q - 0, g = -3*q + 15. What is the units digit of (0 - v/8)*8?
6
Suppose 12*h = 3*z + 7*h - 3082, 4*z - 4124 = 3*h. What is the units digit of z?
4
Let b = 3418 - 1958. What is the thousands digit of b?
1
Let b be 8/(-10)*25*-2. Suppose 7*z - 2*z = b. Suppose 2*l + z = 3*d, 4*d - l = l + 10. What is the units digit of d?
2
What is the tens digit of 4/10*1475/10 - -4?
6
Let l(x) = x**3 + 9*x**2 - 10*x - 5. Let c = -24 + 14. Let v be l(c). Let f(j) = -j**3 - 6*j**2 - 9*j - 7. What is the units digit of f(v)?
3
Let u be (-30)/40 + 147/4. What is the units digit of ((-54)/u)/(3/8) + 137?
3
Suppose -2*k + 2 = 4*g + 6, -4*g = -5*k + 4. Let h(w) = -w**3 - w**2 - w + 5. What is the units digit of h(k)?
5
Let a = 1549 - 1110. What is the tens digit of a?
3
Suppose -4*q + 10 = 2*s, 2*s + 5 = -5*q + 18. Let l(r) = -15*r + 27. Let g(b) = -7*b + 14. Let u(m) = q*l(m) - 7*g(m). What is the units digit of u(14)?
9
Let x be (397 - 1)*(-3)/(-6). Let u be x/(-7) + (-10)/(-35). Let j = u + 57. What is the units digit of j?
9
Suppose -x + 73 = -3*i, 5*i = -3*x + 8*x - 125. Let v = -257 + -43. What is the tens digit of (18/i)/(3/v)?
7
Let z(f) = 39*f - 313. What is the tens digit of z(12)?
5
Let x(a) = a**3 + 6*a**2 + 3*a + 3. Let b = -4 + 7. Suppose -3*s + 5*p = -0*s - b, 4*s + 3*p = -25. What is the tens digit of x(s)?
2
Suppose 0*q - 14 = 2*q. Let d = q + 5. What is the units digit of ((-2)/(-4))/(d/(-8))?
2
What is the tens digit of 2/(-20)*734*(26 + -31)?
6
Suppose -o = -0*h - 3*h - 67, 0 = -h - 3*o - 29. Let y(v) = v**3 + 5*v**2 - 11*v - 26. Let b be y(-7). Let p = h - b. What is the tens digit of p?
2
Let x(y) be the first derivative of -y**4/4 - 8*y**3/3 - 7*y**2/2 + 6*y - 1. What is the units digit of x(-8)?
2
Let s = -35 - -37. Suppose -5*n + f + 57 + 8 = 0, 5*n - 65 = s*f. What is the units digit of n?
3
What is the tens digit of (-2)/(-2)*(350 - 37)?
1
Suppose 0 = 3*v - 15 + 42. Let g = -14 - v. What is the tens digit of g/20 - 226/(-8)?
2
Let g be (3 - (2 - 0)) + 268. Let n = -66 + g. What is the units digit of n?
3
Suppose -17*q + 26845 - 8434 = 0. What is the thousands digit of q?
1
Let v be 6*(-3 + (-32)/12). Let z = v - -37. What is the units digit of (z + -6)*1 - -65?
2
Let t(p) = 11*p**2 - p - 10. Let d be t(5). Let c = -142 + d. What is the tens digit of c?
1
Suppose 9*t + 359 = -370. Let r = 240 + t. What is the units digit of r?
9
Suppose 0 = 1001*l - 995*l - 792. What is the hundreds digit of l?
1
Let i be -6 - -2 - (-8 + 0). Let j = i + 1. Suppose -30 = -j*h + 105. What is the tens digit of h?
2
Let l(b) = -b**3 - 10*b**2 - 8*b + 13. Let j be 258/(-30) - 4/10. Let o be l(j). What is the units digit of (o - 9/(-3))*1?
7
Let a be -8*((-27)/12 - -3). Let o be 6 + a + 4 + -2. Suppose 48 = 6*l - o*l. What is the units digit of l?
2
Let j(u) = -4*u - 62. Let q be j(-16). Suppose 4*m + 4*y - 48 = 0, -26 = -2*m + y - 4*y. Let p = m - q. What is the units digit of p?
8
Suppose 4*w - 2060 = -2*l, 5*w + 3*l = -2*l + 2580. What is the hundreds digit of w?
5
Let y = 2 + -9. Let o(t) = t**3 + 7*t**2 - t + 7. Let l be o(y). Suppose 3*x = 7 + l. What is the units digit of x?
7
Suppose 5*q = 3*l + 1205, 2*q + 47 = 3*l + 529. What is the hundreds digit of q?
2
Let x be -9*(-1 - 8/(-12)). Let c = x + 5. Let h = -5 + c. What is the units digit of h?
3
Let w be (-40)/(-6) + 2/6. Let c(j) = 3*j + 1. Let v be c(1). Suppose 27 = v*o + w. What is the units digit of o?
5
What is the units digit of (1*217/4)/((-2)/(-8))?
7
Suppose 5*g - 9 = -34, -3*a + 897 = 3*g. What is the units digit of a?
4
Let u(h) = -h**2 + h + 4. Let o be u(-2). What is the tens digit of -1 + -2 + 4 - (o + -99)?
0
Let u be 1/3*3*4. Suppose 3*n + 2 + u = 0, 3*b = -n + 13. Suppose 6 + 181 = b*f + i, -4*f - 3*i = -154. What is the units digit of f?
7
Let k(i) = -i**3 - 10*i**2 + 16*i + 4. Let q be k(-13). Suppose q = 3*f + 27. What is the tens digit of f?
9
Let r be (-1 + 1)/((-6)/(-3)). Suppose r = -4*y + 15 + 25. Suppose y - 1 = f. What is the units digit of f?
9
Let n = -19 - -24. Let x be n/((-75)/(-78))*10. Suppose -125 = -4*o + w, 2*o - 3*w - w - x = 0. What is the units digit of o?
2
Let z be 1 + (-9)/((-27)/6). Suppose -5*d = -5*q - 250, -5*d + 2*q = z*q - 238. What is the tens digit o